ase 15, what is -11ca2 + -3?
-11ca5
In base 15, what is 21 + 5?
26
In base 12, what is -34a - -2?
-348
In base 12, what is 4 - 31?
-29
In base 13, what is -4b8 + 2?
-4b6
In base 13, what is -5 + a44?
a3c
In base 3, what is 1000 - 221?
2
In base 6, what is -4330 - 1?
-4331
In base 5, what is -10 - 100?
-110
In base 11, what is 19 - -7?
25
In base 16, what is 38ae - 2?
38ac
In base 12, what is -3 + 43a?
437
In base 9, what is 822 + -1?
821
In base 8, what is -231 - -3?
-226
In base 7, what is -15014 + 1?
-15013
In base 14, what is -91 + 0?
-91
In base 15, what is 0 - 11?
-11
In base 7, what is -26431 + 0?
-26431
In base 7, what is -11 + 134?
123
In base 7, what is -33454 + 1?
-33453
In base 4, what is 3 + 2013?
2022
In base 12, what is 1666 - 5?
1661
In base 11, what is 5 + -155?
-150
In base 3, what is -1202 + -1001?
-2210
In base 8, what is 150 - -2?
152
In base 9, what is 14 + 481?
505
In base 7, what is 4 - -5641?
5645
In base 13, what is -4 + -17?
-1b
In base 12, what is 1 - b7b?
-b7a
In base 15, what is -6e3e + -1?
-6e40
In base 4, what is 203222 + 3?
203231
In base 16, what is 4 + 5?
9
In base 11, what is 928 - -7?
934
In base 4, what is -1201313 + 3?
-1201310
In base 13, what is -7 + 7b?
74
In base 14, what is -1 - -8a5?
8a4
In base 8, what is -62 + -14?
-76
In base 7, what is 4 - 44?
-40
In base 6, what is -2 + -142?
-144
In base 6, what is 333 + -4?
325
In base 14, what is -768 + 4?
-764
In base 14, what is 6c - -10?
7c
In base 10, what is -1 + -228?
-229
In base 9, what is -3 + 5836?
5833
In base 15, what is -1780 + -3?
-1783
In base 8, what is 1266 + -2?
1264
In base 9, what is 16 + 87?
114
In base 10, what is -58 + -260?
-318
In base 12, what is 16b + -4?
167
In base 16, what is c + -22?
-16
In base 6, what is -4 + 10302?
10254
In base 4, what is -12100 + 2?
-12032
In base 4, what is -20111 - -3?
-20102
In base 9, what is 6 + 458?
465
In base 14, what is 0 - 21?
-21
In base 4, what is -203 - -103?
-100
In base 9, what is -60 - -2?
-57
In base 8, what is 140 - -30?
170
In base 12, what is -2 + -10a?
-110
In base 13, what is -212 + -1?
-213
In base 12, what is 41 - 6?
37
In base 6, what is 3550 - -30?
4020
In base 8, what is -6 - 232?
-240
In base 16, what is 1e33 - -1?
1e34
In base 8, what is 305 - -147?
454
In base 14, what is -31 + 9?
-26
In base 12, what is -3 - 402?
-405
In base 5, what is 2112 - -2?
2114
In base 11, what is 6 - -8a?
95
In base 14, what is -3 + -17?
-1a
In base 6, what is 3554 + 3?
4001
In base 8, what is -2 - -123?
121
In base 11, what is 0 - -747?
747
In base 12, what is 896 + 0?
896
In base 10, what is 2577 - 2?
2575
In base 4, what is 2 + -223221?
-223213
In base 15, what is 2 + 63?
65
In base 13, what is 15b + 0?
15b
In base 3, what is -2 - -222011?
222002
In base 5, what is 222 + -110?
112
In base 3, what is 101 - -1000?
1101
In base 11, what is -49 - 13?
-61
In base 4, what is 11 + -32130?
-32113
In base 9, what is -681 - -11?
-670
In base 4, what is -10020 + -1?
-10021
In base 15, what is -3 - 27?
-2a
In base 12, what is -4282 + -3?
-4285
In base 4, what is 11203 - -3?
11212
In base 11, what is 17 + a?
26
In base 11, what is 27a + -2?
278
In base 3, what is 0 - 2102?
-2102
In base 3, what is 102100 - -10112?
112212
In base 4, what is -203320 + -21?
-210001
In base 13, what is cb - -3?
101
In base 11, what is -6 + 157?
151
In base 5, what is 40331 + 4?
40340
In base 8, what is 303 + 7?
312
In base 8, what is 5 - -4727?
4734
In base 5, what is 2 - -202?
204
In base 2, what is -100100100 - -10101?
-100001111
In base 12, what is 0 + 150?
150
In base 15, what is 2 - -18b?
18d
In base 9, what is 53 + 25?
78
In base 2, what is 10000 + -1001110?
-111110
In base 7, what is 4 + -164?
-160
In base 2, what is -101 - -111011010110?
111011010001
In base 5, what is -4 - 12043?
-12102
In base 13, what is 2 - -2b?
30
In base 11, what is -3a + 1?
-39
In base 4, what is 13120 + 103?
13223
In base 13, what is -142 - -29?
-116
In base 4, what is 0 + -332211?
-332211
In base 16, what is -1 + 9?
8
In base 9, what is -3 - -7431?
7427
In base 11, what is -22a - 4a?
-279
In base 14, what is 729 - 3?
726
In base 9, what is 7 + -34?
-26
In base 4, what is -1131301 - -1?
-1131300
In base 5, what is -10 - 4312?
-4322
In base 5, what is -4 - -1012?
1003
In base 6, what is 2 - 432?
-430
In base 13, what is -2 + 264?
262
In base 4, what is 11301 - 2?
11233
In base 14, what is 69 + -2?
67
In base 11, what is -aa + 1?
-a9
In base 12, what is 98 - 4?
94
In base 11, what is 5 - 16?
-11
In base 16, what is 36 + -a2?
-6c
In base 11, what is -38 + 28?
-10
In base 7, what is -406111 - 1?
-406112
In base 3, what is 10200 - 22?
10101
In base 3, what is 201 + 1?
202
In base 16, what is -70 + 6?
-6a
In base 14, what is 0 + 35?
35
In base 10, what is -2 - -34?
32
In base 16, what is 18f + 7?
196
In base 13, what is 1 - -108?
109
In base 10, what is -48 + 4?
-44
In base 8, what is 514 - -6?
522
In base 16, what is -22 - -22?
0
In base 2, what is 11 + -1111010?
-1110111
In base 7, what is 0 + -15156?
-15156
In base 11, what is 1 + 25?
26
In base 5, what is 13 - -41?
104
In base 3, what is -2 - 21111021?
-21111100
In base 4, what is -10 - 1032?
-1102
In base 12, what is -48 - -b?
-39
In base 12, what is -15b - 3?
-162
In base 10, what is -934 - 3?
-937
In base 5, what is 12 - 30?
-13
In base 13, what is -3 - -72?
6c
In base 11, what is -23 + 3a?
17
In base 8, what is -544 - -2?
-542
In base 2, what is 101 + 110101?
111010
In base 7, what is -10 - 2220?
-2230
In base 10, what is -4 - -4505?
4501
In base 5, what is 302 - -11?
313
In base 12, what is 9 - 66?
-59
In base 14, what is -8 + 32?
28
In base 7, what is 21 + 6?
30
In base 15, what is 126 + -4?
122
In base 4, what is -10 - 210?
-220
In base 11, what is 1 + 3796?
3797
In base 6, what is -103534 + 3?
-103531
In base 10, what is 0 - -68?
68
In base 16, what is -f - e?
-1d
In base 12, what is -57 + -a?
-65
In base 3, what is -11100 - -1201?
-2122
In base 13, what is 2 - 2674?
-2672
In base 16, what is -2 + -326?
-328
In base 9, what is 4 - -6330?
6334
In base 2, what is 10 + 10111010?
10111100
In base 7, what is 1 + 1313?
1314
In base 6, what is 0 + -20550?
-20550
In base 9, what is -11 - -2?
-8
In base 13, what is -6 + -146?
-14c
In base 16, what is 136 + 5?
13b
In base 8, what is 64 + 100?
164
In base 4, what is -310 + -212?
-1122
In base 2, what is 11 - 111100001000?
-111100000101
In base 15, what is -1c8 - -b?
-1bc
In base 2, what is 110011010010000 + 1?
110011010010001
In base 8, what is -5 + 25?
20
In base 5, what is -4 - 1004?
-1013
In base 10, what is 321 - 25?
296
In base 15, what is -4 + 12?
d
In base 14, what is -5 + -41?
-46
In base 15, what is 4 - 190?
-18b
In base 14, what is -4 - -1ba?
1b6
In base 11, what is 5 - -618?
622
In base 8, what is -22 - 6?
-30
In base 5, what is -4022 - -1?
-4021
In base 5, what is 4 - 10?
-1
In base 5, what is 0 + -103?
-103
In base 3, what is 1 + 20012?
20020
In base 14, what is 4 - -bc?
c2
In base 12, what is 31 + 5?
36
In base 5, what is -4431 + 10?
-4421
In base 13, what is 74 + -3b?
36
In base 9, what is 34 - -384?
428
In base 10, what is -49 + 3?
-46
In base 15, what is -14bb + 0?
-14bb
In base 13, what is -530c - 2?
-5311
In base 3, what is -21 - -210?
112
In base 11, what is 1 + 2146?
2147
In base 6, what is 55253 + -4?
55245
In base 5, what is 2 + -20304?
-20302
In base 13, what is -46c - -1?
-46b
In base 10, what is 2 - 10?
-8
In base 9, what is -26 - 4?
-31
In base 12, what is -14 + -31?
-45
In base 8, what is -45 + -55?
-122
In base 12, what is 3 - -15a?
161
In base 13, what is 3 + 1867?
186a
In base 11, what is -95 - -9a?
5
In base 4, what is 132 - -1?
133
In base 7, what is -1 + 121?
120
In base 8, what is 5 + -4422?
-4415
In base 16, what is 3 - 51?
-4e
In base 2, what is 11111 + 101110?
1001101
In base 15, what is 30c + c?
319
In base 14, what is -231 - 3?
-234
In base 5, what is -23220 - 2?
-23222
In base 15, what is -3 + 5?
2
In base 7, what is 3 - 116?
-113
In base 5, what is -1 - 3340?
-3341
In base 5, what is -4 + 1344?
1340
In base 14, what is -18 + -97?
-b1
In base 9, what is -58 + -3?
-62
In base 2, what is 10100 - -1011?
11111
In base 10, what is 827 + 2?
829
In base 2, what is -1010001 + 101?
-1001100
In base 7, what is 4 + -623